24 - 96 = 0. Let s = 51 - r. What is the tens digit of s?
1
Suppose -4*j = -x + 166, x - 9*j = -12*j + 201. What is the units digit of x?
6
Suppose -135 = -4*b - 5*g, g + 43 = 2*b - 14. Suppose a = 2*a + 2*i - 31, -i + b = a. What is the units digit of a?
9
Let g = 4742 + -3137. What is the tens digit of g?
0
Suppose 10*b = -9*b + 114. Suppose b*d - 321 + 87 = 0. What is the units digit of d?
9
What is the units digit of (7397/13)/((-4)/(-4))?
9
Let w(q) = -q**3 + 12*q**2 - q + 4. Let z(d) = d**2. Let u(p) = w(p) - 5*z(p). Let g be u(7). What is the units digit of 2/g - 298/(-6)?
9
What is the units digit of (-6)/11 + 370264/88?
7
Let r = 1571 + -1053. What is the units digit of r?
8
What is the tens digit of -3459*(8 - 150/18)?
5
Suppose 5*c - 816 = -126. Suppose -6*p + 2*p - 262 = -2*x, x = 5*p + 326. Let o = p + c. What is the tens digit of o?
7
Suppose -5*l + 3*q + 3437 = 0, 2*l + 4*q - 488 = 866. What is the hundreds digit of l?
6
Let j be 1*(11/3 + 2/6). What is the tens digit of 2/3*(482/j + -2)?
7
Suppose -16 = -4*i + 204. Suppose -k = 2*k + 9, 0 = -4*c + 5*k + i. Suppose -2*a + 52 = c. What is the tens digit of a?
2
What is the tens digit of ((-1)/(3/(-677)))/((-26)/(-468))?
6
Suppose 3*m - 112 = 401. Suppose 2*q = 3*c - 2*c + m, 339 = 4*q - c. What is the tens digit of q?
8
Suppose 5*s - 380 = -105. Suppose 5*l - s = -i - 0*i, -l - 199 = -4*i. What is the units digit of i?
0
Let b(w) = w + 1. Let t be b(2). Suppose t*x - 51 = -0. What is the tens digit of x?
1
Let b = -610 + 1795. What is the tens digit of b?
8
Let q(b) = -7*b**2 - b - 1. Let j be q(-2). What is the units digit of (-1 + j/(-1))*140/56?
5
Suppose 0 = -5*w + 3*i + 942, -2*w + 3*i = -3*w + 192. Suppose w + 75 = 4*s. Let a = s - 46. What is the tens digit of a?
2
Suppose -20 = -4*g, 6*l - l = -3*g + 4385. What is the hundreds digit of l?
8
Suppose 5*j + 26*x - 2729 = 27*x, 0 = 3*x - 3. What is the tens digit of j?
4
Let b(w) = w**2 - 10*w - 1. Let n = -3 - -8. Let j be b(n). Let m = 38 + j. What is the tens digit of m?
1
Let a(l) = -l**3 + 8*l**2 - 7*l + 7. Let p be a(7). Let t = 27 + p. What is the units digit of t?
4
Suppose 6*j = -10*j + 2496. What is the hundreds digit of j?
1
Let h be 2*(6/4)/(-1). What is the tens digit of 2/15*h*-80?
3
Let w(t) = 9*t + 4. Let c be w(-19). Let b = c + 415. What is the tens digit of b?
4
Suppose 0 = -25*p + 31*p + 192. What is the tens digit of 803/3 + p/48?
6
Suppose 20*x = 11122 + 36678. What is the tens digit of x?
9
Let w = -132 - -201. What is the tens digit of w?
6
Suppose 4*b + 2*q = 58, 27 = 3*b - 5*q + q. Suppose -4*z = g + b, -5*g + 20 + 0 = 3*z. Suppose g*i - 4*i = 129. What is the tens digit of i?
4
Let u be -28*(4 + (-34)/8). Let k be 20/(-7)*u/(-2). Suppose -39 = -v - k. What is the tens digit of v?
2
Let o(p) = p**3 - 17*p**2 - 17*p - 15. Let t be o(18). What is the units digit of t/(-6)*-1*52?
6
What is the tens digit of (-32611)/(-21) - 52/(-546)?
5
Let t = 34 - 38. Let s be -1 + t*(-21)/12. Suppose -9*u = -s*u - 177. What is the units digit of u?
9
Let r(d) = 53*d**2 - 3*d - 2. Let t be r(-1). Let w = 65 - t. What is the units digit of w?
1
Let k = -1 - -6. Suppose k*r + 5*m - 5 = 0, -2*m - 7 = 2*r + 3*m. Suppose 4*h - 2*o + 3*o - 92 = 0, -112 = -r*h + 4*o. What is the units digit of h?
4
What is the units digit of 2789/8 - ((-30)/(-16))/(-5)?
9
Let f = -5 - -15. Suppose -66 = -t - f. What is the tens digit of t?
5
Suppose 0 = -80*a + 77*a + 1554. What is the hundreds digit of a?
5
Let g(v) = 11*v. Let b be g(9). Let w = 13 + b. What is the tens digit of w?
1
Suppose 5*v = -5*x + 5600, 0 = -5*x + 26*v - 28*v + 5594. What is the thousands digit of x?
1
Let g = 4 - -2. Let v(k) = k**3 - 5*k**2 + 6*k - 8. Let r be v(5). Let a = r - g. What is the units digit of a?
6
Let t(b) = 17*b + 3. Let q(z) = 16*z + 2. Let f(g) = 4*q(g) - 3*t(g). What is the tens digit of f(9)?
1
Let t be 3/(-15) - 3254/5. Let c = -458 - t. What is the tens digit of c?
9
Suppose 0 = -2*s + 286 - 274. What is the hundreds digit of (-2)/(-3)*(s + (-2388)/(-8))?
2
Suppose 11*h - 255555 = -70*h. What is the units digit of h?
5
Suppose -504 = 61*n - 67*n. What is the tens digit of n?
8
Suppose 4*n + n + k - 7008 = 0, 5*k = 4*n - 5618. What is the thousands digit of n?
1
Suppose -21*p + 36056 = -56491. What is the units digit of p?
7
Suppose -4*k + 24 = -k. What is the units digit of (k/2 + 3)*6?
2
Let n(h) = h - 22. Let u be n(6). Let m = 23 + u. What is the units digit of m?
7
What is the tens digit of (-20)/(((-1)/3)/((-35)/(-14)))?
5
Let j(d) = -d**2 + 10*d + 20. Let h be j(9). Suppose 0 = -4*s - 4*v + 12, 3*s = 5*v - 3*v + h. What is the units digit of s?
7
Let v be (1/(-3))/((-11)/14718). Suppose -5*n + v = 3*r - 98, 4*n = 4*r - 736. What is the hundreds digit of r?
1
Let o(k) = k**3 + 4*k**2 + 5*k + 9. Let t be o(-4). Let w(f) = -5*f - 25. What is the units digit of w(t)?
0
Let m(z) = -z**3 - 4*z**2 - 5*z - 4. Let u be m(-3). Suppose -3 = -u*s + 1. What is the units digit of 10 - (s + -2 + -1)?
1
Suppose -2*x = 2, 0 = 4*s - 5*x - 129 - 104. What is the units digit of s?
7
Suppose -3*y - 4 + 1 = 0. Let h(r) = -39*r**3 + r**2 + 2*r + 2. What is the units digit of h(y)?
0
Suppose 454 + 302 = 3*b. Suppose -z = -3*z + b. Suppose -z = -3*s + s. What is the units digit of s?
3
Suppose -13258 = -57*z + 50*z. What is the hundreds digit of z?
8
Let m(n) = -3*n**3 - 5*n**2 - 7. Let z(i) = -4*i**3 - 4*i**2 - 8. Suppose 4*l - 2 = 6. Let t(c) = l*z(c) - 3*m(c). What is the units digit of t(-7)?
5
Let h = -81 + 85. Suppose 4 = -4*w - 8, 4*c - 596 = h*w. What is the units digit of c?
6
Let c(t) = t**3 - 3*t**2 + 44*t + 10. What is the units digit of c(7)?
4
What is the tens digit of 5/(15/12) - 5*-59?
9
Let r(p) = -p**3 + 12*p**2 + 3*p + 8. Suppose 18 = 5*y - 42. Let o be r(y). What is the units digit of (99/o)/(6/16)?
6
Let n(q) = 3*q - q**2 + 4*q**3 + 9 - 8*q**2 - 5*q**3 + 4*q**2. What is the units digit of n(-6)?
7
Let p(b) = b - 8. Let c be p(6). Let f be (c/(-9))/(1/9). Suppose 4*i - 3*w = 108, -3*i - f*w + 4*w = -81. What is the tens digit of i?
2
Let n = 3 + 3. Suppose 0 = n*l - 3*l - 9. Let x = 12 + l. What is the tens digit of x?
1
Suppose -4*y + y + 24 = 0. Let q be y/16*(1 - 1). Suppose -3*d + 4*n + 155 = q, -n - 5 = -0*n. What is the tens digit of d?
4
Let p(c) = -c**2 + 18*c + 99. What is the tens digit of p(22)?
1
Suppose -2*p - 126 = -4. Let a = 292 - 207. Let n = a + p. What is the units digit of n?
4
Let y(h) = 9*h**2 - h - 3. Let t be y(-4). Suppose 0*l = -5*l + t. What is the tens digit of l?
2
Let n be ((-9)/(-27))/((-1)/(-30)). Suppose -3*a + 2*a + n = 0. What is the tens digit of (-44)/6*(-15)/a?
1
Let l = -130 + 259. Let d = l + -39. What is the units digit of d?
0
Let y = -177 - -228. What is the tens digit of y?
5
Suppose 14*g = 25*g + 88. What is the hundreds digit of (-278)/g*(-64)/(-16)?
1
Let p = 53 + -16. Suppose 0 = -7*w + p + 600. What is the units digit of w?
1
Let y be ((-30)/35)/((-4)/14). Suppose -2*i = j - 9, -y*i + j + 5 + 6 = 0. Suppose 2*m - i*m = 4*w - 128, 2*w = 2*m + 52. What is the units digit of w?
0
Let s = 68 + -30. Suppose 5*z - s = 42. What is the units digit of z?
6
Let v be (1138/8)/(9/(-36)). What is the tens digit of 22/(-77) + v/(-7) + 1?
8
Let v be 0*(3/2 + -2). Let y be 6/8 - (-483)/28. Let w = v + y. What is the tens digit of w?
1
Let h(q) = -6*q**2 - 3*q + 8*q**3 - 12 - 3*q**3 - 7*q**2. Let l(r) = 4*r**3 - 12*r**2 - 2*r - 12. Let u(x) = 3*h(x) - 4*l(x). What is the units digit of u(9)?
3
Suppose 0 = -21*v - 1457 + 9374. What is the units digit of v?
7
Suppose 13*u - 1978 = -743. What is the units digit of u?
5
Suppose -5*w - 2*k + 1280 = 0, -7*w + k = -2*w - 1265. Suppose 0 = 5*l + x - 92 - w, 4*l = -2*x + 278. What is the tens digit of l?
6
Suppose 5*h - 20 = 0, 4*s - 13*h - 1664 = -11*h. What is the units digit of s?
8
Let r(s) = 130*s**3 - 2*s**2 - 2*s + 2. What is the units digit of r(2)?
0
Suppose 6*g = 5*g. What is the units digit of (-3)/15 + ((-341)/(-5) - g)?
8
Suppose 23*f - 40948 = -6*f. What is the thousands digit of f?
1
Let v(u) = -17*u + 6. What is the hundreds digit of v(-16)?
2
Let f(l) = -l**3 + 5*l**2 + 7*l - 3. Let o be f(6). Suppose 0 = -2*x - 3*x + 2*v + 361, o*x - v - 216 = 0.